{"id":4955,"date":"2023-08-28T06:46:26","date_gmt":"2023-08-28T06:46:26","guid":{"rendered":"https:\/\/ogofurniture.com\/collection\/perla-for-outdoor-and-indoor\/"},"modified":"2025-06-04T06:46:04","modified_gmt":"2025-06-04T06:46:04","slug":"perla-for-outdoor-and-indoor","status":"publish","type":"collection","link":"https:\/\/ogofurniture.com\/es\/coleccion\/perla-for-outdoor-and-indoor\/","title":{"rendered":"Perla Compact"},"content":{"rendered":"\n<p><\/p>\n\n\n\n<p>La Perla, al igual que la Mandarina, se incorpora a la secci\u00f3n Collective con una remodelada goma espuma de alta densidad. M\u00e1s vers\u00e1til que nunca, no solo es un puf decorativo de alta resistencia, sino que tambi\u00e9n puede utilizarse como mesa. Fabricada en tejido Sylvertex y disponible en tama\u00f1o L, se adapta perfectamente a espacios peque\u00f1os o proyectos que requieren asientos independientes.<\/p>\n\n\n\n<p><\/p>\n\n\n\n<p><\/p>\n\n\n\n<p><\/p>\n","protected":false},"featured_media":4956,"template":"","meta":{"footnotes":""},"family":[83],"class_list":["post-4955","collection","type-collection","status-publish","has-post-thumbnail","hentry","family-collective"],"acf":[],"yoast_head":"<!-- This site is optimized with the Yoast SEO plugin v27.5 - https:\/\/yoast.com\/product\/yoast-seo-wordpress\/ -->\n<title>Perla Compact - ogofurniture<\/title>\n<meta name=\"description\" content=\"Perla is a basic and light seat which matches with any kind of d\u00e9cor. Use it as a footrest, as a seat or to lie back,\" \/>\n<meta name=\"robots\" content=\"index, follow, max-snippet:-1, max-image-preview:large, max-video-preview:-1\" \/>\n<link rel=\"canonical\" href=\"https:\/\/ogofurniture.com\/es\/coleccion\/perla-for-outdoor-and-indoor\/\" \/>\n<meta property=\"og:locale\" content=\"es_ES\" \/>\n<meta property=\"og:type\" content=\"article\" \/>\n<meta property=\"og:title\" content=\"Perla Compact - ogofurniture\" \/>\n<meta property=\"og:description\" content=\"Perla is a basic and light seat which matches with any kind of d\u00e9cor. Use it as a footrest, as a seat or to lie back,\" \/>\n<meta property=\"og:url\" content=\"https:\/\/ogofurniture.com\/es\/coleccion\/perla-for-outdoor-and-indoor\/\" \/>\n<meta property=\"og:site_name\" content=\"ogofurniture\" \/>\n<meta property=\"article:modified_time\" content=\"2025-06-04T06:46:04+00:00\" \/>\n<meta property=\"og:image\" content=\"https:\/\/ogofurniture.com\/wp-content\/uploads\/2023\/08\/MARIA_OGO_CasaSardinera-1.jpg\" \/>\n\t<meta property=\"og:image:width\" content=\"1274\" \/>\n\t<meta property=\"og:image:height\" content=\"1910\" \/>\n\t<meta property=\"og:image:type\" content=\"image\/jpeg\" \/>\n<meta name=\"twitter:card\" content=\"summary_large_image\" \/>\n<meta name=\"twitter:label1\" content=\"Tiempo de lectura\" \/>\n\t<meta name=\"twitter:data1\" content=\"1 minuto\" \/>\n<script type=\"application\/ld+json\" class=\"yoast-schema-graph\">{\"@context\":\"https:\\\/\\\/schema.org\",\"@graph\":[{\"@type\":\"WebPage\",\"@id\":\"https:\\\/\\\/ogofurniture.com\\\/es\\\/coleccion\\\/perla-for-outdoor-and-indoor\\\/\",\"url\":\"https:\\\/\\\/ogofurniture.com\\\/es\\\/coleccion\\\/perla-for-outdoor-and-indoor\\\/\",\"name\":\"Perla Compact - ogofurniture\",\"isPartOf\":{\"@id\":\"https:\\\/\\\/ogofurniture.com\\\/es\\\/#website\"},\"primaryImageOfPage\":{\"@id\":\"https:\\\/\\\/ogofurniture.com\\\/es\\\/coleccion\\\/perla-for-outdoor-and-indoor\\\/#primaryimage\"},\"image\":{\"@id\":\"https:\\\/\\\/ogofurniture.com\\\/es\\\/coleccion\\\/perla-for-outdoor-and-indoor\\\/#primaryimage\"},\"thumbnailUrl\":\"https:\\\/\\\/ogofurniture.com\\\/wp-content\\\/uploads\\\/2023\\\/08\\\/MARIA_OGO_CasaSardinera-1.jpg\",\"datePublished\":\"2023-08-28T06:46:26+00:00\",\"dateModified\":\"2025-06-04T06:46:04+00:00\",\"description\":\"Perla is a basic and light seat which matches with any kind of d\u00e9cor. Use it as a footrest, as a seat or to lie back,\",\"breadcrumb\":{\"@id\":\"https:\\\/\\\/ogofurniture.com\\\/es\\\/coleccion\\\/perla-for-outdoor-and-indoor\\\/#breadcrumb\"},\"inLanguage\":\"es\",\"potentialAction\":[{\"@type\":\"ReadAction\",\"target\":[\"https:\\\/\\\/ogofurniture.com\\\/es\\\/coleccion\\\/perla-for-outdoor-and-indoor\\\/\"]}]},{\"@type\":\"ImageObject\",\"inLanguage\":\"es\",\"@id\":\"https:\\\/\\\/ogofurniture.com\\\/es\\\/coleccion\\\/perla-for-outdoor-and-indoor\\\/#primaryimage\",\"url\":\"https:\\\/\\\/ogofurniture.com\\\/wp-content\\\/uploads\\\/2023\\\/08\\\/MARIA_OGO_CasaSardinera-1.jpg\",\"contentUrl\":\"https:\\\/\\\/ogofurniture.com\\\/wp-content\\\/uploads\\\/2023\\\/08\\\/MARIA_OGO_CasaSardinera-1.jpg\",\"width\":1274,\"height\":1910},{\"@type\":\"BreadcrumbList\",\"@id\":\"https:\\\/\\\/ogofurniture.com\\\/es\\\/coleccion\\\/perla-for-outdoor-and-indoor\\\/#breadcrumb\",\"itemListElement\":[{\"@type\":\"ListItem\",\"position\":1,\"name\":\"Collections\",\"item\":\"https:\\\/\\\/ogofurniture.com\\\/es\\\/coleccion\\\/\"},{\"@type\":\"ListItem\",\"position\":2,\"name\":\"Perla Compact\"}]},{\"@type\":\"WebSite\",\"@id\":\"https:\\\/\\\/ogofurniture.com\\\/es\\\/#website\",\"url\":\"https:\\\/\\\/ogofurniture.com\\\/es\\\/\",\"name\":\"ogofurniture\",\"description\":\"In &amp; Out Furniture\",\"potentialAction\":[{\"@type\":\"SearchAction\",\"target\":{\"@type\":\"EntryPoint\",\"urlTemplate\":\"https:\\\/\\\/ogofurniture.com\\\/es\\\/?s={search_term_string}\"},\"query-input\":{\"@type\":\"PropertyValueSpecification\",\"valueRequired\":true,\"valueName\":\"search_term_string\"}}],\"inLanguage\":\"es\"}]}<\/script>\n<!-- \/ Yoast SEO plugin. -->","yoast_head_json":{"title":"Perla Compact - ogofurniture","description":"Perla is a basic and light seat which matches with any kind of d\u00e9cor. Use it as a footrest, as a seat or to lie back,","robots":{"index":"index","follow":"follow","max-snippet":"max-snippet:-1","max-image-preview":"max-image-preview:large","max-video-preview":"max-video-preview:-1"},"canonical":"https:\/\/ogofurniture.com\/es\/coleccion\/perla-for-outdoor-and-indoor\/","og_locale":"es_ES","og_type":"article","og_title":"Perla Compact - ogofurniture","og_description":"Perla is a basic and light seat which matches with any kind of d\u00e9cor. Use it as a footrest, as a seat or to lie back,","og_url":"https:\/\/ogofurniture.com\/es\/coleccion\/perla-for-outdoor-and-indoor\/","og_site_name":"ogofurniture","article_modified_time":"2025-06-04T06:46:04+00:00","og_image":[{"width":1274,"height":1910,"url":"https:\/\/ogofurniture.com\/wp-content\/uploads\/2023\/08\/MARIA_OGO_CasaSardinera-1.jpg","type":"image\/jpeg"}],"twitter_card":"summary_large_image","twitter_misc":{"Tiempo de lectura":"1 minuto"},"schema":{"@context":"https:\/\/schema.org","@graph":[{"@type":"WebPage","@id":"https:\/\/ogofurniture.com\/es\/coleccion\/perla-for-outdoor-and-indoor\/","url":"https:\/\/ogofurniture.com\/es\/coleccion\/perla-for-outdoor-and-indoor\/","name":"Perla Compact - ogofurniture","isPartOf":{"@id":"https:\/\/ogofurniture.com\/es\/#website"},"primaryImageOfPage":{"@id":"https:\/\/ogofurniture.com\/es\/coleccion\/perla-for-outdoor-and-indoor\/#primaryimage"},"image":{"@id":"https:\/\/ogofurniture.com\/es\/coleccion\/perla-for-outdoor-and-indoor\/#primaryimage"},"thumbnailUrl":"https:\/\/ogofurniture.com\/wp-content\/uploads\/2023\/08\/MARIA_OGO_CasaSardinera-1.jpg","datePublished":"2023-08-28T06:46:26+00:00","dateModified":"2025-06-04T06:46:04+00:00","description":"Perla is a basic and light seat which matches with any kind of d\u00e9cor. Use it as a footrest, as a seat or to lie back,","breadcrumb":{"@id":"https:\/\/ogofurniture.com\/es\/coleccion\/perla-for-outdoor-and-indoor\/#breadcrumb"},"inLanguage":"es","potentialAction":[{"@type":"ReadAction","target":["https:\/\/ogofurniture.com\/es\/coleccion\/perla-for-outdoor-and-indoor\/"]}]},{"@type":"ImageObject","inLanguage":"es","@id":"https:\/\/ogofurniture.com\/es\/coleccion\/perla-for-outdoor-and-indoor\/#primaryimage","url":"https:\/\/ogofurniture.com\/wp-content\/uploads\/2023\/08\/MARIA_OGO_CasaSardinera-1.jpg","contentUrl":"https:\/\/ogofurniture.com\/wp-content\/uploads\/2023\/08\/MARIA_OGO_CasaSardinera-1.jpg","width":1274,"height":1910},{"@type":"BreadcrumbList","@id":"https:\/\/ogofurniture.com\/es\/coleccion\/perla-for-outdoor-and-indoor\/#breadcrumb","itemListElement":[{"@type":"ListItem","position":1,"name":"Collections","item":"https:\/\/ogofurniture.com\/es\/coleccion\/"},{"@type":"ListItem","position":2,"name":"Perla Compact"}]},{"@type":"WebSite","@id":"https:\/\/ogofurniture.com\/es\/#website","url":"https:\/\/ogofurniture.com\/es\/","name":"ogofurniture","description":"In &amp; Out Furniture","potentialAction":[{"@type":"SearchAction","target":{"@type":"EntryPoint","urlTemplate":"https:\/\/ogofurniture.com\/es\/?s={search_term_string}"},"query-input":{"@type":"PropertyValueSpecification","valueRequired":true,"valueName":"search_term_string"}}],"inLanguage":"es"}]}},"jetpack_sharing_enabled":true,"_links":{"self":[{"href":"https:\/\/ogofurniture.com\/es\/wp-json\/wp\/v2\/collection\/4955","targetHints":{"allow":["GET"]}}],"collection":[{"href":"https:\/\/ogofurniture.com\/es\/wp-json\/wp\/v2\/collection"}],"about":[{"href":"https:\/\/ogofurniture.com\/es\/wp-json\/wp\/v2\/types\/collection"}],"version-history":[{"count":8,"href":"https:\/\/ogofurniture.com\/es\/wp-json\/wp\/v2\/collection\/4955\/revisions"}],"predecessor-version":[{"id":6994,"href":"https:\/\/ogofurniture.com\/es\/wp-json\/wp\/v2\/collection\/4955\/revisions\/6994"}],"wp:featuredmedia":[{"embeddable":true,"href":"https:\/\/ogofurniture.com\/es\/wp-json\/wp\/v2\/media\/4956"}],"wp:attachment":[{"href":"https:\/\/ogofurniture.com\/es\/wp-json\/wp\/v2\/media?parent=4955"}],"wp:term":[{"taxonomy":"family","embeddable":true,"href":"https:\/\/ogofurniture.com\/es\/wp-json\/wp\/v2\/family?post=4955"}],"curies":[{"name":"wp","href":"https:\/\/api.w.org\/{rel}","templated":true}]}}

<p></p>



<p>La Perla, al igual que la Mandarina, se incorpora a la sección Collective con una remodelada goma espuma de alta densidad. Más versátil que nunca, no solo es un puf decorativo de alta resistencia, sino que también puede utilizarse como mesa. Fabricada en tejido Sylvertex y disponible en tamaño L, se adapta perfectamente a espacios pequeños o proyectos que requieren asientos independientes.</p>



<p></p>



<p></p>



<p></p>

<!-- This site is optimized with the Yoast SEO plugin v27.5 - https://yoast.com/product/yoast-seo-wordpress/ -->
<title>Perla Compact - ogofurniture</title>
<meta name="description" content="Perla is a basic and light seat which matches with any kind of décor. Use it as a footrest, as a seat or to lie back," />
<meta name="robots" content="index, follow, max-snippet:-1, max-image-preview:large, max-video-preview:-1" />
<link rel="canonical" href="https://ogofurniture.com/es/coleccion/perla-for-outdoor-and-indoor/" />
<meta property="og:locale" content="es_ES" />
<meta property="og:type" content="article" />
<meta property="og:title" content="Perla Compact - ogofurniture" />
<meta property="og:description" content="Perla is a basic and light seat which matches with any kind of décor. Use it as a footrest, as a seat or to lie back," />
<meta property="og:url" content="https://ogofurniture.com/es/coleccion/perla-for-outdoor-and-indoor/" />
<meta property="og:site_name" content="ogofurniture" />
<meta property="article:modified_time" content="2025-06-04T06:46:04+00:00" />
<meta property="og:image" content="https://ogofurniture.com/wp-content/uploads/2023/08/MARIA_OGO_CasaSardinera-1.jpg" />
	<meta property="og:image:width" content="1274" />
	<meta property="og:image:height" content="1910" />
	<meta property="og:image:type" content="image/jpeg" />
<meta name="twitter:card" content="summary_large_image" />
<meta name="twitter:label1" content="Tiempo de lectura" />
	<meta name="twitter:data1" content="1 minuto" />
<script type="application/ld+json" class="yoast-schema-graph">{"@context":"https:\/\/schema.org","@graph":[{"@type":"WebPage","@id":"https:\/\/ogofurniture.com\/es\/coleccion\/perla-for-outdoor-and-indoor\/","url":"https:\/\/ogofurniture.com\/es\/coleccion\/perla-for-outdoor-and-indoor\/","name":"Perla Compact - ogofurniture","isPartOf":{"@id":"https:\/\/ogofurniture.com\/es\/#website"},"primaryImageOfPage":{"@id":"https:\/\/ogofurniture.com\/es\/coleccion\/perla-for-outdoor-and-indoor\/#primaryimage"},"image":{"@id":"https:\/\/ogofurniture.com\/es\/coleccion\/perla-for-outdoor-and-indoor\/#primaryimage"},"thumbnailUrl":"https:\/\/ogofurniture.com\/wp-content\/uploads\/2023\/08\/MARIA_OGO_CasaSardinera-1.jpg","datePublished":"2023-08-28T06:46:26+00:00","dateModified":"2025-06-04T06:46:04+00:00","description":"Perla is a basic and light seat which matches with any kind of décor. Use it as a footrest, as a seat or to lie back,","breadcrumb":{"@id":"https:\/\/ogofurniture.com\/es\/coleccion\/perla-for-outdoor-and-indoor\/#breadcrumb"},"inLanguage":"es","potentialAction":[{"@type":"ReadAction","target":["https:\/\/ogofurniture.com\/es\/coleccion\/perla-for-outdoor-and-indoor\/"]}]},{"@type":"ImageObject","inLanguage":"es","@id":"https:\/\/ogofurniture.com\/es\/coleccion\/perla-for-outdoor-and-indoor\/#primaryimage","url":"https:\/\/ogofurniture.com\/wp-content\/uploads\/2023\/08\/MARIA_OGO_CasaSardinera-1.jpg","contentUrl":"https:\/\/ogofurniture.com\/wp-content\/uploads\/2023\/08\/MARIA_OGO_CasaSardinera-1.jpg","width":1274,"height":1910},{"@type":"BreadcrumbList","@id":"https:\/\/ogofurniture.com\/es\/coleccion\/perla-for-outdoor-and-indoor\/#breadcrumb","itemListElement":[{"@type":"ListItem","position":1,"name":"Collections","item":"https:\/\/ogofurniture.com\/es\/coleccion\/"},{"@type":"ListItem","position":2,"name":"Perla Compact"}]},{"@type":"WebSite","@id":"https:\/\/ogofurniture.com\/es\/#website","url":"https:\/\/ogofurniture.com\/es\/","name":"ogofurniture","description":"In &amp; Out Furniture","potentialAction":[{"@type":"SearchAction","target":{"@type":"EntryPoint","urlTemplate":"https:\/\/ogofurniture.com\/es\/?s={search_term_string}"},"query-input":{"@type":"PropertyValueSpecification","valueRequired":true,"valueName":"search_term_string"}}],"inLanguage":"es"}]}</script>
<!-- / Yoast SEO plugin. -->

Perla is a basic and light seat which matches with any kind of décor. Use it as a footrest, as a seat or to lie back,
