{"id":11639,"date":"2023-08-28T06:46:26","date_gmt":"2023-08-28T06:46:26","guid":{"rendered":"https:\/\/ogofurniture.com\/?post_type=collection&#038;p=11639"},"modified":"2026-02-23T10:55:23","modified_gmt":"2026-02-23T10:55:23","slug":"perla-compact","status":"publish","type":"collection","link":"https:\/\/ogofurniture.com\/de\/collection\/perla-compact\/","title":{"rendered":"Perla Compact"},"content":{"rendered":"\n<p><a href=\"https:\/\/www.instagram.com\/p\/CMNTBy6Mfmt\/?%20hl=es\">Unser Perla<\/a> ist, genau wie unser Mandarina, mit einem hochdichten Schaumgummi in unser Kollektivprofil eingearbeitet. Vielseitiger denn je, ist unser Mandarina nicht nur ein sehr widerstandsf\u00e4higes Dekorationsst\u00fcck, sondern kann auch als Tisch verwendet werden.<\/p>\n\n\n\n<div style=\"height:16px\" aria-hidden=\"true\" class=\"wp-block-spacer\"><\/div>\n\n\n\n<p>Es wird aus Silvertex-Gewebe gefertigt und ist in der Gr\u00f6\u00dfe L erh\u00e4ltlich. &nbsp;Es eignet sich perfekt f\u00fcr kleine R\u00e4ume oder Projekte, bei denen Einzelsitze erforderlich sind.<\/p>\n\n\n\n<p><\/p>\n","protected":false},"featured_media":11640,"template":"","meta":{"footnotes":""},"family":[],"class_list":["post-11639","collection","type-collection","status-publish","has-post-thumbnail","hentry"],"acf":[],"yoast_head":"<!-- This site is optimized with the Yoast SEO plugin v27.4 - https:\/\/yoast.com\/product\/yoast-seo-wordpress\/ -->\n<title>Perla Compact - ogofurniture<\/title>\n<meta name=\"robots\" content=\"index, follow, max-snippet:-1, max-image-preview:large, max-video-preview:-1\" \/>\n<link rel=\"canonical\" href=\"https:\/\/ogofurniture.com\/de\/collection\/perla-compact\/\" \/>\n<meta property=\"og:locale\" content=\"de_DE\" \/>\n<meta property=\"og:type\" content=\"article\" \/>\n<meta property=\"og:title\" content=\"Perla Compact - ogofurniture\" \/>\n<meta property=\"og:description\" content=\"Unser Perla ist, genau wie unser Mandarina, mit einem hochdichten Schaumgummi in unser Kollektivprofil eingearbeitet. Vielseitiger denn je, ist unser Mandarina nicht nur ein sehr widerstandsf\u00e4higes Dekorationsst\u00fcck, sondern kann auch als Tisch verwendet werden. Es wird aus Silvertex-Gewebe gefertigt und ist in der Gr\u00f6\u00dfe L erh\u00e4ltlich. &nbsp;Es eignet sich perfekt f\u00fcr kleine R\u00e4ume oder Projekte, &hellip; Continued\" \/>\n<meta property=\"og:url\" content=\"https:\/\/ogofurniture.com\/de\/collection\/perla-compact\/\" \/>\n<meta property=\"og:site_name\" content=\"ogofurniture\" \/>\n<meta property=\"article:modified_time\" content=\"2026-02-23T10:55:23+00:00\" \/>\n<meta property=\"og:image\" content=\"https:\/\/ogofurniture.com\/wp-content\/uploads\/2026\/02\/MARIA_OGO_CasaSardinera-1.jpg\" \/>\n\t<meta property=\"og:image:width\" content=\"1274\" \/>\n\t<meta property=\"og:image:height\" content=\"1910\" \/>\n\t<meta property=\"og:image:type\" content=\"image\/jpeg\" \/>\n<meta name=\"twitter:card\" content=\"summary_large_image\" \/>\n<meta name=\"twitter:label1\" content=\"Gesch\u00e4tzte Lesezeit\" \/>\n\t<meta name=\"twitter:data1\" content=\"1\u00a0Minute\" \/>\n<script type=\"application\/ld+json\" class=\"yoast-schema-graph\">{\"@context\":\"https:\\\/\\\/schema.org\",\"@graph\":[{\"@type\":\"WebPage\",\"@id\":\"https:\\\/\\\/ogofurniture.com\\\/de\\\/collection\\\/perla-compact\\\/\",\"url\":\"https:\\\/\\\/ogofurniture.com\\\/de\\\/collection\\\/perla-compact\\\/\",\"name\":\"Perla Compact - ogofurniture\",\"isPartOf\":{\"@id\":\"https:\\\/\\\/ogofurniture.com\\\/de\\\/#website\"},\"primaryImageOfPage\":{\"@id\":\"https:\\\/\\\/ogofurniture.com\\\/de\\\/collection\\\/perla-compact\\\/#primaryimage\"},\"image\":{\"@id\":\"https:\\\/\\\/ogofurniture.com\\\/de\\\/collection\\\/perla-compact\\\/#primaryimage\"},\"thumbnailUrl\":\"https:\\\/\\\/ogofurniture.com\\\/wp-content\\\/uploads\\\/2026\\\/02\\\/MARIA_OGO_CasaSardinera-1.jpg\",\"datePublished\":\"2023-08-28T06:46:26+00:00\",\"dateModified\":\"2026-02-23T10:55:23+00:00\",\"breadcrumb\":{\"@id\":\"https:\\\/\\\/ogofurniture.com\\\/de\\\/collection\\\/perla-compact\\\/#breadcrumb\"},\"inLanguage\":\"de\",\"potentialAction\":[{\"@type\":\"ReadAction\",\"target\":[\"https:\\\/\\\/ogofurniture.com\\\/de\\\/collection\\\/perla-compact\\\/\"]}]},{\"@type\":\"ImageObject\",\"inLanguage\":\"de\",\"@id\":\"https:\\\/\\\/ogofurniture.com\\\/de\\\/collection\\\/perla-compact\\\/#primaryimage\",\"url\":\"https:\\\/\\\/ogofurniture.com\\\/wp-content\\\/uploads\\\/2026\\\/02\\\/MARIA_OGO_CasaSardinera-1.jpg\",\"contentUrl\":\"https:\\\/\\\/ogofurniture.com\\\/wp-content\\\/uploads\\\/2026\\\/02\\\/MARIA_OGO_CasaSardinera-1.jpg\",\"width\":1274,\"height\":1910,\"caption\":\"PERLA COMPACT OGO\"},{\"@type\":\"BreadcrumbList\",\"@id\":\"https:\\\/\\\/ogofurniture.com\\\/de\\\/collection\\\/perla-compact\\\/#breadcrumb\",\"itemListElement\":[{\"@type\":\"ListItem\",\"position\":1,\"name\":\"Collections\",\"item\":\"https:\\\/\\\/ogofurniture.com\\\/de\\\/collection\\\/\"},{\"@type\":\"ListItem\",\"position\":2,\"name\":\"Perla Compact\"}]},{\"@type\":\"WebSite\",\"@id\":\"https:\\\/\\\/ogofurniture.com\\\/de\\\/#website\",\"url\":\"https:\\\/\\\/ogofurniture.com\\\/de\\\/\",\"name\":\"ogofurniture\",\"description\":\"In &amp; Out Furniture\",\"potentialAction\":[{\"@type\":\"SearchAction\",\"target\":{\"@type\":\"EntryPoint\",\"urlTemplate\":\"https:\\\/\\\/ogofurniture.com\\\/de\\\/?s={search_term_string}\"},\"query-input\":{\"@type\":\"PropertyValueSpecification\",\"valueRequired\":true,\"valueName\":\"search_term_string\"}}],\"inLanguage\":\"de\"}]}<\/script>\n<!-- \/ Yoast SEO plugin. -->","yoast_head_json":{"title":"Perla Compact - ogofurniture","robots":{"index":"index","follow":"follow","max-snippet":"max-snippet:-1","max-image-preview":"max-image-preview:large","max-video-preview":"max-video-preview:-1"},"canonical":"https:\/\/ogofurniture.com\/de\/collection\/perla-compact\/","og_locale":"de_DE","og_type":"article","og_title":"Perla Compact - ogofurniture","og_description":"Unser Perla ist, genau wie unser Mandarina, mit einem hochdichten Schaumgummi in unser Kollektivprofil eingearbeitet. Vielseitiger denn je, ist unser Mandarina nicht nur ein sehr widerstandsf\u00e4higes Dekorationsst\u00fcck, sondern kann auch als Tisch verwendet werden. Es wird aus Silvertex-Gewebe gefertigt und ist in der Gr\u00f6\u00dfe L erh\u00e4ltlich. &nbsp;Es eignet sich perfekt f\u00fcr kleine R\u00e4ume oder Projekte, &hellip; Continued","og_url":"https:\/\/ogofurniture.com\/de\/collection\/perla-compact\/","og_site_name":"ogofurniture","article_modified_time":"2026-02-23T10:55:23+00:00","og_image":[{"width":1274,"height":1910,"url":"https:\/\/ogofurniture.com\/wp-content\/uploads\/2026\/02\/MARIA_OGO_CasaSardinera-1.jpg","type":"image\/jpeg"}],"twitter_card":"summary_large_image","twitter_misc":{"Gesch\u00e4tzte Lesezeit":"1\u00a0Minute"},"schema":{"@context":"https:\/\/schema.org","@graph":[{"@type":"WebPage","@id":"https:\/\/ogofurniture.com\/de\/collection\/perla-compact\/","url":"https:\/\/ogofurniture.com\/de\/collection\/perla-compact\/","name":"Perla Compact - ogofurniture","isPartOf":{"@id":"https:\/\/ogofurniture.com\/de\/#website"},"primaryImageOfPage":{"@id":"https:\/\/ogofurniture.com\/de\/collection\/perla-compact\/#primaryimage"},"image":{"@id":"https:\/\/ogofurniture.com\/de\/collection\/perla-compact\/#primaryimage"},"thumbnailUrl":"https:\/\/ogofurniture.com\/wp-content\/uploads\/2026\/02\/MARIA_OGO_CasaSardinera-1.jpg","datePublished":"2023-08-28T06:46:26+00:00","dateModified":"2026-02-23T10:55:23+00:00","breadcrumb":{"@id":"https:\/\/ogofurniture.com\/de\/collection\/perla-compact\/#breadcrumb"},"inLanguage":"de","potentialAction":[{"@type":"ReadAction","target":["https:\/\/ogofurniture.com\/de\/collection\/perla-compact\/"]}]},{"@type":"ImageObject","inLanguage":"de","@id":"https:\/\/ogofurniture.com\/de\/collection\/perla-compact\/#primaryimage","url":"https:\/\/ogofurniture.com\/wp-content\/uploads\/2026\/02\/MARIA_OGO_CasaSardinera-1.jpg","contentUrl":"https:\/\/ogofurniture.com\/wp-content\/uploads\/2026\/02\/MARIA_OGO_CasaSardinera-1.jpg","width":1274,"height":1910,"caption":"PERLA COMPACT OGO"},{"@type":"BreadcrumbList","@id":"https:\/\/ogofurniture.com\/de\/collection\/perla-compact\/#breadcrumb","itemListElement":[{"@type":"ListItem","position":1,"name":"Collections","item":"https:\/\/ogofurniture.com\/de\/collection\/"},{"@type":"ListItem","position":2,"name":"Perla Compact"}]},{"@type":"WebSite","@id":"https:\/\/ogofurniture.com\/de\/#website","url":"https:\/\/ogofurniture.com\/de\/","name":"ogofurniture","description":"In &amp; Out Furniture","potentialAction":[{"@type":"SearchAction","target":{"@type":"EntryPoint","urlTemplate":"https:\/\/ogofurniture.com\/de\/?s={search_term_string}"},"query-input":{"@type":"PropertyValueSpecification","valueRequired":true,"valueName":"search_term_string"}}],"inLanguage":"de"}]}},"jetpack_sharing_enabled":true,"_links":{"self":[{"href":"https:\/\/ogofurniture.com\/de\/wp-json\/wp\/v2\/collection\/11639","targetHints":{"allow":["GET"]}}],"collection":[{"href":"https:\/\/ogofurniture.com\/de\/wp-json\/wp\/v2\/collection"}],"about":[{"href":"https:\/\/ogofurniture.com\/de\/wp-json\/wp\/v2\/types\/collection"}],"version-history":[{"count":3,"href":"https:\/\/ogofurniture.com\/de\/wp-json\/wp\/v2\/collection\/11639\/revisions"}],"predecessor-version":[{"id":13956,"href":"https:\/\/ogofurniture.com\/de\/wp-json\/wp\/v2\/collection\/11639\/revisions\/13956"}],"wp:featuredmedia":[{"embeddable":true,"href":"https:\/\/ogofurniture.com\/de\/wp-json\/wp\/v2\/media\/11640"}],"wp:attachment":[{"href":"https:\/\/ogofurniture.com\/de\/wp-json\/wp\/v2\/media?parent=11639"}],"wp:term":[{"taxonomy":"family","embeddable":true,"href":"https:\/\/ogofurniture.com\/de\/wp-json\/wp\/v2\/family?post=11639"}],"curies":[{"name":"wp","href":"https:\/\/api.w.org\/{rel}","templated":true}]}}

<p><a href="https://www.instagram.com/p/CMNTBy6Mfmt/?%20hl=es">Unser Perla</a> ist, genau wie unser Mandarina, mit einem hochdichten Schaumgummi in unser Kollektivprofil eingearbeitet. Vielseitiger denn je, ist unser Mandarina nicht nur ein sehr widerstandsfähiges Dekorationsstück, sondern kann auch als Tisch verwendet werden.</p>



<div style="height:16px" aria-hidden="true" class="wp-block-spacer"></div>



<p>Es wird aus Silvertex-Gewebe gefertigt und ist in der Größe L erhältlich. &nbsp;Es eignet sich perfekt für kleine Räume oder Projekte, bei denen Einzelsitze erforderlich sind.</p>



<p></p>

<!-- This site is optimized with the Yoast SEO plugin v27.4 - https://yoast.com/product/yoast-seo-wordpress/ -->
<title>Perla Compact - ogofurniture</title>
<meta name="robots" content="index, follow, max-snippet:-1, max-image-preview:large, max-video-preview:-1" />
<link rel="canonical" href="https://ogofurniture.com/de/collection/perla-compact/" />
<meta property="og:locale" content="de_DE" />
<meta property="og:type" content="article" />
<meta property="og:title" content="Perla Compact - ogofurniture" />
<meta property="og:description" content="Unser Perla ist, genau wie unser Mandarina, mit einem hochdichten Schaumgummi in unser Kollektivprofil eingearbeitet. Vielseitiger denn je, ist unser Mandarina nicht nur ein sehr widerstandsfähiges Dekorationsstück, sondern kann auch als Tisch verwendet werden. Es wird aus Silvertex-Gewebe gefertigt und ist in der Größe L erhältlich. &nbsp;Es eignet sich perfekt für kleine Räume oder Projekte, &hellip; Continued" />
<meta property="og:url" content="https://ogofurniture.com/de/collection/perla-compact/" />
<meta property="og:site_name" content="ogofurniture" />
<meta property="article:modified_time" content="2026-02-23T10:55:23+00:00" />
<meta property="og:image" content="https://ogofurniture.com/wp-content/uploads/2026/02/MARIA_OGO_CasaSardinera-1.jpg" />
	<meta property="og:image:width" content="1274" />
	<meta property="og:image:height" content="1910" />
	<meta property="og:image:type" content="image/jpeg" />
<meta name="twitter:card" content="summary_large_image" />
<meta name="twitter:label1" content="Geschätzte Lesezeit" />
	<meta name="twitter:data1" content="1 Minute" />
<script type="application/ld+json" class="yoast-schema-graph">{"@context":"https:\/\/schema.org","@graph":[{"@type":"WebPage","@id":"https:\/\/ogofurniture.com\/de\/collection\/perla-compact\/","url":"https:\/\/ogofurniture.com\/de\/collection\/perla-compact\/","name":"Perla Compact - ogofurniture","isPartOf":{"@id":"https:\/\/ogofurniture.com\/de\/#website"},"primaryImageOfPage":{"@id":"https:\/\/ogofurniture.com\/de\/collection\/perla-compact\/#primaryimage"},"image":{"@id":"https:\/\/ogofurniture.com\/de\/collection\/perla-compact\/#primaryimage"},"thumbnailUrl":"https:\/\/ogofurniture.com\/wp-content\/uploads\/2026\/02\/MARIA_OGO_CasaSardinera-1.jpg","datePublished":"2023-08-28T06:46:26+00:00","dateModified":"2026-02-23T10:55:23+00:00","breadcrumb":{"@id":"https:\/\/ogofurniture.com\/de\/collection\/perla-compact\/#breadcrumb"},"inLanguage":"de","potentialAction":[{"@type":"ReadAction","target":["https:\/\/ogofurniture.com\/de\/collection\/perla-compact\/"]}]},{"@type":"ImageObject","inLanguage":"de","@id":"https:\/\/ogofurniture.com\/de\/collection\/perla-compact\/#primaryimage","url":"https:\/\/ogofurniture.com\/wp-content\/uploads\/2026\/02\/MARIA_OGO_CasaSardinera-1.jpg","contentUrl":"https:\/\/ogofurniture.com\/wp-content\/uploads\/2026\/02\/MARIA_OGO_CasaSardinera-1.jpg","width":1274,"height":1910,"caption":"PERLA COMPACT OGO"},{"@type":"BreadcrumbList","@id":"https:\/\/ogofurniture.com\/de\/collection\/perla-compact\/#breadcrumb","itemListElement":[{"@type":"ListItem","position":1,"name":"Collections","item":"https:\/\/ogofurniture.com\/de\/collection\/"},{"@type":"ListItem","position":2,"name":"Perla Compact"}]},{"@type":"WebSite","@id":"https:\/\/ogofurniture.com\/de\/#website","url":"https:\/\/ogofurniture.com\/de\/","name":"ogofurniture","description":"In &amp; Out Furniture","potentialAction":[{"@type":"SearchAction","target":{"@type":"EntryPoint","urlTemplate":"https:\/\/ogofurniture.com\/de\/?s={search_term_string}"},"query-input":{"@type":"PropertyValueSpecification","valueRequired":true,"valueName":"search_term_string"}}],"inLanguage":"de"}]}</script>
<!-- / Yoast SEO plugin. -->

Unser Perla ist, genau wie unser Mandarina, mit einem hochdichten Schaumgummi in unser Kollektivprofil eingearbeitet. Vielseitiger denn je, ist unser Mandarina nicht nur ein sehr widerstandsfähiges Dekorationsstück, sondern kann auch als Tisch verwendet werden. Es wird aus Silvertex-Gewebe gefertigt und ist in der Größe L erhältlich. &nbsp;Es eignet sich perfekt für kleine Räume oder Projekte, &hellip; Continued
